ten millions digit of 359228389?
5
What is the ten thousands digit of 70348672?
4
What is the ten thousands digit of 233030282?
3
What is the hundreds digit of 3216188421?
4
What is the ten thousands digit of 625218379?
1
What is the units digit of 271377656?
6
What is the thousands digit of 206863284?
3
What is the millions digit of 946202514?
6
What is the ten millions digit of 1659013175?
5
What is the hundreds digit of 979110810?
8
What is the ten millions digit of 10283896?
1
What is the hundred thousands digit of 110317503?
3
What is the units digit of 3475653665?
5
What is the hundred thousands digit of 57233240?
2
What is the units digit of 322411863?
3
What is the units digit of 26143691?
1
What is the ten millions digit of 596498249?
9
What is the thousands digit of 158958227?
8
What is the ten millions digit of 135417258?
3
What is the ten millions digit of 157786266?
5
What is the thousands digit of 841100642?
0
What is the hundred millions digit of 1798595041?
7
What is the tens digit of 27575883?
8
What is the units digit of 254516489?
9
What is the tens digit of 45416472?
7
What is the thousands digit of 156082979?
2
What is the hundred thousands digit of 21555925?
5
What is the ten millions digit of 109422472?
0
What is the hundreds digit of 150234789?
7
What is the hundred millions digit of 441664061?
4
What is the tens digit of 1181652704?
0
What is the hundred millions digit of 2936730611?
9
What is the tens digit of 199318191?
9
What is the billions digit of 1986797364?
1
What is the ten thousands digit of 95705452?
0
What is the hundred thousands digit of 27668281?
6
What is the thousands digit of 6116843?
6
What is the ten thousands digit of 21171806?
7
What is the units digit of 604929027?
7
What is the millions digit of 26143095?
6
What is the tens digit of 338470424?
2
What is the tens digit of 2398758305?
0
What is the ten millions digit of 47033880?
4
What is the ten millions digit of 55296510?
5
What is the hundreds digit of 161838903?
9
What is the units digit of 935596232?
2
What is the ten millions digit of 476152208?
7
What is the millions digit of 542092421?
2
What is the hundred thousands digit of 25777062?
7
What is the thousands digit of 450176123?
6
What is the tens digit of 75632669?
6
What is the hundred thousands digit of 113584947?
5
What is the millions digit of 737100489?
7
What is the thousands digit of 207228049?
8
What is the tens digit of 92779797?
9
What is the thousands digit of 28011304?
1
What is the units digit of 515594524?
4
What is the tens digit of 17805884?
8
What is the ten thousands digit of 277741196?
4
What is the millions digit of 46483178?
6
What is the hundred millions digit of 600576439?
6
What is the tens digit of 100140600?
0
What is the thousands digit of 1094151334?
1
What is the thousands digit of 43287287?
7
What is the hundred millions digit of 249989595?
2
What is the hundred thousands digit of 67943740?
9
What is the units digit of 4199020371?
1
What is the units digit of 260996753?
3
What is the hundreds digit of 3589418011?
0
What is the ten millions digit of 22160883?
2
What is the hundreds digit of 24369694?
6
What is the ten thousands digit of 520571209?
7
What is the ten thousands digit of 323226176?
2
What is the thousands digit of 30443191?
3
What is the hundred millions digit of 864411901?
8
What is the hundreds digit of 1549769309?
3
What is the millions digit of 30737060?
0
What is the ten thousands digit of 634606352?
0
What is the millions digit of 124191676?
4
What is the hundred thousands digit of 24564415?
5
What is the billions digit of 3187882126?
3
What is the tens digit of 81657961?
6
What is the millions digit of 1771826320?
1
What is the hundreds digit of 2040603539?
5
What is the billions digit of 1750257775?
1
What is the tens digit of 55451014?
1
What is the hundred thousands digit of 1599717564?
7
What is the millions digit of 2157251379?
7
What is the ten thousands digit of 1077800816?
0
What is the ten thousands digit of 9499176719?
7
What is the ten millions digit of 2196005051?
9
What is the hundred millions digit of 890352809?
8
What is the hundred millions digit of 2621583908?
6
What is the tens digit of 42034771?
7
What is the tens digit of 39970106?
0
What is the hundreds digit of 2007077?
0
What is the ten thousands digit of 164008183?
0
What is the hundreds digit of 655234962?
9
What is the ten thousands digit of 92653090?
5
What is the hundred thousands digit of 3244897422?
8
What is the hundred millions digit of 293621184?
2
What is the units digit of 393144864?
4
What is the units digit of 617937970?
0
What is the ten thousands digit of 197710382?
1
What is the thousands digit of 138195870?
5
What is the millions digit of 52244612?
2
What is the tens digit of 271546343?
4
What is the millions digit of 131018993?
1
What is the tens digit of 2556312306?
0
What is the hundred millions digit of 2662423078?
6
What is the units digit of 1794936459?
9
What is the ten thousands digit of 182061614?
6
What is the ten thousands digit of 1060458266?
5
What is the tens digit of 110580711?
1
What is the thousands digit of 97203766?
3
What is the millions digit of 308357092?
8
What is the thousands digit of 4602305095?
5
What is the thousands digit of 83669470?
9
What is the ten thousands digit of 4255823146?
2
What is the thousands digit of 28532919?
2
What is the hundred millions digit of 187349733?
1
What is the ten millions digit of 382090525?
8
What is the tens digit of 3293504561?
6
What is the units digit of 336268505?
5
What is the thousands digit of 12174357?
4
What is the ten thousands digit of 222291198?
9
What is the hundred thousands digit of 82013789?
0
What is the thousands digit of 3998788025?
8
What is the thousands digit of 70690926?
0
What is the thousands digit of 46860225?
0
What is the thousands digit of 38376256?
6
What is the hundred thousands digit of 16433070?
4
What is the tens digit of 338858147?
4
What is the hundreds digit of 2641817?
8
What is the hundred thousands digit of 359549169?
5
What is the units digit of 196339740?
0
What is the hundred millions digit of 310527608?
3
What is the ten millions digit of 2720038058?
2
What is the billions digit of 3069000938?
3
What is the millions digit of 602196855?
2
What is the units digit of 248002018?
8
What is the tens digit of 2001155?
5
What is the ten thousands digit of 79695636?
9
What is the hundreds digit of 380369792?
7
What is the ten thousands digit of 222799175?
9
What is the millions digit of 4234834?
4
What is the tens digit of 150029045?
4
What is the tens digit of 1730885?
8
What is the billions digit of 3222036072?
3
What is the hundred thousands digit of 161917561?
9
What is the hundred thousands digit of 1791497547?
4
What is the ten thousands digit of 1410593300?
9
What is the hundreds digit of 53422360?
3
What is the ten millions digit of 51945256?
5
What is the hundreds digit of 335251451?
4
What is the units digit of 2792433648?
8
What is the millions digit of 124106075?
4
What is the ten millions digit of 69574032?
6
What is the ten thousands digit of 2022234625?
3
What is the ten thousands digit of 48807655?
0
What is the hundreds digit of 4025449615?
6
What is the ten millions digit of 12890002?
1
What is the ten millions digit of 81531996?
8
What is the units digit of 14511215?
5
What is the tens digit of 29000056?
5
What is the ten thousands digit of 3522455?
2
What is the hundred millions digit of 275538354?
2
What is the billions digit of 2794161719?
2
What is the thousands digit of 625453178?
3
What is the units digit of 196263773?
3
What is the millions digit of 414033714?
4
What is the billions digit of 1169761950?
1
What is the hundred thousands digit of 5604144137?
1
What is the billions digit of 1200404342?
1
What is the ten thousands digit of 718661785?
6
What is the hundred thousands digit of 374303264?
3
What is the units digit of 40141614?
4
What is the ten thousands digit of 77999158?
9
What is the units digit of 62181645?
5
What is the ten thousands digit of 121770656?
7
What is the thousands digit of 3723449?
3
What is the ten millions digit of 167881231?
6
What is the thousands digit of 52098027?
8
What is the tens digit of 1